56088?
True
Does 5 divide 454707?
False
Does 532 divide 55860?
True
Is 554270 a multiple of 84?
False
Is 208 a factor of 534352?
True
Does 31 divide 207452?
True
Is 65 a factor of 1012050?
True
Is 132482 a multiple of 10?
False
Is 212 a factor of 257655?
False
Does 2129 divide 7923525?
False
Is 53482 a multiple of 34?
True
Is 405417 a multiple of 300?
False
Does 19 divide 167048?
True
Is 2331484 a multiple of 21?
False
Does 20 divide 122633?
False
Does 762 divide 8196834?
True
Is 116 a factor of 759336?
True
Does 12 divide 1182397?
False
Does 341 divide 98153?
False
Is 50061 a multiple of 111?
True
Does 57 divide 97462?
False
Is 113371 a multiple of 33?
False
Does 2 divide 25127?
False
Is 17 a factor of 190259?
False
Does 174 divide 1753789?
False
Does 6 divide 1468380?
True
Is 668690 a multiple of 88?
False
Is 378 a factor of 343499?
False
Is 273071 a multiple of 140?
False
Does 157 divide 917351?
True
Is 757533 a multiple of 140?
False
Does 13 divide 9128691?
True
Does 45 divide 193688?
False
Is 144 a factor of 307872?
True
Is 343 a factor of 2415406?
True
Is 2569186 a multiple of 227?
True
Is 31729 a multiple of 4?
False
Does 14 divide 74209?
False
Is 308574 a multiple of 93?
True
Does 47 divide 1048570?
True
Is 1495130 a multiple of 371?
True
Does 98 divide 714665?
False
Is 138 a factor of 211554?
True
Is 22735 a multiple of 10?
False
Is 15 a factor of 4739?
False
Is 348936 a multiple of 67?
True
Does 24 divide 6944400?
True
Does 161 divide 14329?
True
Is 193029 a multiple of 141?
True
Is 4 a factor of 527776?
True
Is 33472 a multiple of 32?
True
Is 390 a factor of 259740?
True
Is 81 a factor of 106191?
True
Does 204 divide 1647558?
False
Does 10 divide 285?
False
Does 5 divide 2087871?
False
Is 526806 a multiple of 333?
True
Does 23 divide 539511?
True
Does 19 divide 4698149?
True
Does 116 divide 373889?
False
Is 471 a factor of 1067286?
True
Does 627 divide 1165091?
False
Is 127 a factor of 4393692?
True
Is 39 a factor of 186810?
True
Is 234960 a multiple of 267?
True
Is 4 a factor of 1290976?
True
Is 3 a factor of 51575?
False
Does 16 divide 21244791?
False
Is 95 a factor of 1882140?
True
Does 61 divide 758779?
True
Does 17 divide 424433?
False
Is 30600 a multiple of 40?
True
Is 256272 a multiple of 114?
True
Is 11284 a multiple of 26?
True
Is 29682 a multiple of 51?
True
Does 32 divide 770528?
True
Is 3049648 a multiple of 584?
True
Is 10384 a multiple of 8?
True
Does 7 divide 259014?
True
Does 28 divide 238056?
True
Is 10 a factor of 274100?
True
Is 67 a factor of 26276?
False
Does 28 divide 2090116?
True
Is 2750831 a multiple of 35?
False
Is 3 a factor of 16662?
True
Does 11 divide 11407?
True
Does 40 divide 540611?
False
Does 1447 divide 16481708?
False
Does 12 divide 13829?
False
Is 23 a factor of 11224?
True
Does 3 divide 6945?
True
Is 9 a factor of 13488?
False
Is 28 a factor of 14372344?
True
Is 288 a factor of 14263488?
True
Does 149 divide 790567?
False
Is 2399110 a multiple of 10?
True
Does 7 divide 2268420?
True
Is 13754 a multiple of 58?
False
Does 488 divide 272792?
True
Does 16 divide 666798?
False
Is 4 a factor of 223861?
False
Is 372 a factor of 326599?
False
Does 202 divide 13736?
True
Is 99572 a multiple of 146?
True
Is 249952 a multiple of 8?
True
Is 149 a factor of 5417672?
False
Is 13 a factor of 96798?
True
Is 13 a factor of 4539574?
True
Does 2 divide 1634339?
False
Is 3 a factor of 56004?
True
Does 12 divide 447735?
False
Does 386 divide 1804550?
True
Is 4050535 a multiple of 146?
False
Is 499 a factor of 1108279?
True
Is 32643 a multiple of 39?
True
Does 672 divide 5246976?
True
Is 15680 a multiple of 10?
True
Is 201690 a multiple of 415?
True
Is 30178262 a multiple of 2139?
False
Is 16095 a multiple of 15?
True
Does 418 divide 364914?
True
Does 72 divide 5503470?
False
Is 25110 a multiple of 279?
True
Is 678295 a multiple of 10?
False
Is 4854186 a multiple of 9?
True
Is 8 a factor of 109136?
True
Is 2264374 a multiple of 96?
False
Is 525520 a multiple of 10?
True
Is 25 a factor of 1396983?
False
Does 20 divide 429660?
True
Does 23 divide 123790?
False
Is 45 a factor of 1105694?
False
Does 109 divide 54039?
False
Is 1789047 a multiple of 1053?
True
Is 3 a factor of 380984?
False
Is 10 a factor of 15280?
True
Does 27 divide 2123171?
False
Is 6 a factor of 1771929?
False
Is 146157 a multiple of 33?
True
Is 4931101 a multiple of 84?
False
Does 2 divide 32609?
False
Does 23 divide 6484368?
False
Is 159544 a multiple of 49?
True
Is 30948 a multiple of 6?
True
Is 326855 a multiple of 18?
False
Is 2486527 a multiple of 44?
False
Is 9959800 a multiple of 8?
True
Is 287467 a multiple of 682?
False
Is 768996 a multiple of 164?
True
Is 693 a factor of 10902276?
True
Does 745 divide 2144855?
True
Is 318 a multiple of 6?
True
Is 361164 a multiple of 3?
True
Is 163 a factor of 126005?
False
Does 2536 divide 25268358?
False
Is 13 a factor of 912015?
True
Is 1900366 a multiple of 7?
False
Is 2129116 a multiple of 913?
True
Is 48 a factor of 753334?
False
Does 113 divide 650202?
True
Does 8 divide 124227?
False
Is 84252 a multiple of 28?
True
Is 4423615 a multiple of 599?
True
Is 13 a factor of 161005?
True
Is 2425140 a multiple of 998?
True
Is 937971 a multiple of 87?
False
Is 48 a factor of 209331?
False
Does 5 divide 2602586?
False
Does 778 divide 18986312?
True
Does 4 divide 71054?
False
Does 8 divide 37760?
True
Does 297 divide 144045?
True
Is 11 a factor of 72230?
False
Is 54 a factor of 12169950?
False
Does 256 divide 3932324?
False
Is 634 a factor of 722977?
False
Is 66 a factor of 10845978?
True
Is 26 a factor of 1185177?
False
Does 7 divide 431956?
True
Is 5562898 a multiple of 22?
True
Is 1177110 a multiple of 330?
True
Is 3437988 a multiple of 1286?
False
Does 185 divide 362045?
True
Is 16983428 a multiple of 586?
False
Does 609 divide 2224677?
True
Is 312106 a multiple of 113?
True
Does 85 divide 2042540?
False
Is 37 a factor of 793021?
True
Is 4628987 a multiple of 71?
True
Does 12 divide 701808?
True
Is 24 a factor of 5623944?
True
Is 4128626 a multiple of 241?
False
Is 13980 a multiple of 15?
True
Is 17 a factor of 22898308?
False
Is 771053 a multiple of 97?
True
Is 589180 a multiple of 171?
False
Does 1291 divide 2548434?
True
Is 44 a factor of 765380?
True
Is 17 a factor of 2397?
True
Does 442 divide 135336?
False
Is 47 a factor of 145089?
True
Does 577 divide 452456?
False
Does 49 divide 130144?
True
Is 1354381 a multiple of 108?
False
Is 17 a factor of 5673690?
False
Is 3834076 a multiple of 14?
False
Is 2533905 a multiple of 879?
False
Does 13 divide 92680?
False
Is 535549 a multiple of 42?
False
Does 93 divide 660858?
True
Is 491000 a multiple of 50?
True
Is 1514423 a multiple of 95?
False
Is 9 a factor of 178050?
False
Is 1923953 a multiple of 308?
False
Does 465 divide 400830?
True
Does 53 divide 121088?
False
Does 37 divide 8894?
False
Is 140 a factor of 55720?
True
Is 1294042 a multiple of 86?
True
Does 1318 divide 4913504?
True
Does 1628 divide 3106475?
False
Is 3 a factor of 67763?
False
Is 34 a factor of 424689?
False
Does 10 divide 1891941?
False
Does 7 divide 284718?
True
Does 4 divide 5696?
True
Does 317 divide 156493?
False
Does 358 divide 965884?
True
Is 14 a factor of 6314?
True
Is 4896252 a multiple of 24?
False
Does 3 divide 944457?
True
Does 3 divide 4108980?
True
Does 308 divide 163604?
False
Is 11 a factor of 4708?
True
Is 65676 a multiple of 421?
True
Is 20 a factor of 234600?
True
Is 208764 a multiple of 27?
True
Is 971724 a multiple of 12?
True
Is 6 a factor of 693146?
False
Is 3001728 a multiple of 16?
True
Is 161721 a multiple of 26?
False
Is 28 a factor of 33913?
False
Is 13784611 a multiple of 207?
False
Does 69 divide 404482?
False
Is 265434 a multiple of 78?
True
Does 13 divide 1361607?
True
Does 134 divide 624842?
True
Does 67 divide 2696549?
True
Does 248 divide 1689376?
True
Is 576759 a multiple of 209?
False
Is 1253 a factor of 3050571?
False
Is 795212 a multiple of 212?
True
Is 327272 a multiple of 22?
True
Is 39 a factor of 44928?
True
Does 49 divide 644887?
False
Does 38 divide 179867?
False
Is 90 a factor of 789570?
True
Is 148872 a multiple of 3?
True
Is 110 a factor of 19306?
False
Is 373 a factor of 614331?
True
Is 290283 a multiple of 21?
True
Is 3046229 a multip